{"id":31,"date":"2025-11-27T20:08:36","date_gmt":"2025-11-27T19:08:36","guid":{"rendered":"https:\/\/capmeraustrale.terreetocean.fr\/wordpress\/?page_id=31"},"modified":"2025-12-19T19:28:04","modified_gmt":"2025-12-19T18:28:04","slug":"a-propos","status":"publish","type":"page","link":"https:\/\/capmeraustrale.terreetocean.fr\/wordpress\/a-propos\/","title":{"rendered":"A propos"},"content":{"rendered":"\n<h2 class=\"wp-block-heading\">Qui suis-je ?<\/h2>\n\n\n\n<div class=\"wp-block-media-text is-stacked-on-mobile\" style=\"grid-template-columns:48% auto\"><figure class=\"wp-block-media-text__media\"><img loading=\"lazy\" decoding=\"async\" width=\"1024\" height=\"768\" src=\"https:\/\/capmeraustrale.terreetocean.fr\/wordpress\/wp-content\/uploads\/2025\/12\/FamilleClem-1024x768.jpeg\" alt=\"\" class=\"wp-image-128 size-full\" srcset=\"https:\/\/capmeraustrale.terreetocean.fr\/wordpress\/wp-content\/uploads\/2025\/12\/FamilleClem-1024x768.jpeg 1024w, https:\/\/capmeraustrale.terreetocean.fr\/wordpress\/wp-content\/uploads\/2025\/12\/FamilleClem-300x225.jpeg 300w, https:\/\/capmeraustrale.terreetocean.fr\/wordpress\/wp-content\/uploads\/2025\/12\/FamilleClem-768x576.jpeg 768w, https:\/\/capmeraustrale.terreetocean.fr\/wordpress\/wp-content\/uploads\/2025\/12\/FamilleClem-1536x1152.jpeg 1536w, https:\/\/capmeraustrale.terreetocean.fr\/wordpress\/wp-content\/uploads\/2025\/12\/FamilleClem-2048x1536.jpeg 2048w, https:\/\/capmeraustrale.terreetocean.fr\/wordpress\/wp-content\/uploads\/2025\/12\/FamilleClem-1140x855.jpeg 1140w\" sizes=\"(max-width: 1024px) 100vw, 1024px\" \/><\/figure><div class=\"wp-block-media-text__content\">\n<p class=\"has-text-align-left\">Je m&rsquo;appelle <strong>Cl\u00e9mentine Renneville<\/strong>, je suis m\u00e9diatrice scientifique \u00e0 <a href=\"https:\/\/www.terreetocean.fr\/\">Terre &amp; Oc\u00e9an<\/a> et j&rsquo;ai la chance \ud83e\udd73 <strong>d&rsquo;accompagner des chercheurs pendant leur campagne oc\u00e9anographique \u00e0 bord du Marion Dufresne<\/strong>. Je suis aussi (et surtout) maman de deux enfants, Charlotte 7 ans et Timoth\u00e9e 4 ans qui resteront avec leur papa pendant mon voyage (#reconnaissanceeternelle) .<\/p>\n<\/div><\/div>\n\n\n\n<p>Pour moi c&rsquo;est une grande premi\u00e8re et <strong>pour ne pas sauter seule dans le grand bain<\/strong> (de mer), je vous invite \u00e0 suivre, petits et grands, cette aventure avec moi : <strong>cap vers les mers australes !<\/strong> \ud83e\udddc\u200d\u2640\ufe0f<\/p>\n\n\n\n<div style=\"height:34px\" aria-hidden=\"true\" class=\"wp-block-spacer\"><\/div>\n\n\n\n<blockquote class=\"wp-block-quote has-text-align-center is-layout-flow wp-block-quote-is-layout-flow\">\n<p class=\"has-text-align-center\">Exister c&rsquo;est oser se jeter dans le monde. <\/p>\n<cite>Simone de Beauvoir<\/cite><\/blockquote>\n\n\n\n<div style=\"height:40px\" aria-hidden=\"true\" class=\"wp-block-spacer\"><\/div>\n\n\n\n<h2 class=\"wp-block-heading\">Quel est mon parcours ?<\/h2>\n\n\n\n<div class=\"wp-block-media-text has-media-on-the-right is-stacked-on-mobile\" style=\"grid-template-columns:auto 18%\"><div class=\"wp-block-media-text__content\">\n<p class=\"has-text-align-center\">Tout a commenc\u00e9 quand j&rsquo;avais 3 ans et que ma maman m&rsquo;a emmen\u00e9 voir une fable \u00e9cologique sur les baleines et la pollution au cin\u00e9ma&#8230; \ud83e\udd79 (PS : qui l&rsquo;a vu ? RSVP en commentaire)<\/p>\n\n\n\n<p class=\"has-text-align-center\">Ok \u00e7a n&rsquo;est pas passionnant, je vais faire plus rapide. \u00a0\ud83d\ude05<\/p>\n<\/div><figure class=\"wp-block-media-text__media\"><img loading=\"lazy\" decoding=\"async\" width=\"726\" height=\"1024\" src=\"https:\/\/capmeraustrale.terreetocean.fr\/wordpress\/wp-content\/uploads\/2025\/12\/Sansom-et-Sally-1984-726x1024.png\" alt=\"\" class=\"wp-image-132 size-full\" srcset=\"https:\/\/capmeraustrale.terreetocean.fr\/wordpress\/wp-content\/uploads\/2025\/12\/Sansom-et-Sally-1984-726x1024.png 726w, https:\/\/capmeraustrale.terreetocean.fr\/wordpress\/wp-content\/uploads\/2025\/12\/Sansom-et-Sally-1984-213x300.png 213w, https:\/\/capmeraustrale.terreetocean.fr\/wordpress\/wp-content\/uploads\/2025\/12\/Sansom-et-Sally-1984-768x1083.png 768w, https:\/\/capmeraustrale.terreetocean.fr\/wordpress\/wp-content\/uploads\/2025\/12\/Sansom-et-Sally-1984.png 864w\" sizes=\"(max-width: 726px) 100vw, 726px\" \/><\/figure><\/div>\n\n\n\n<p><\/p>\n\n\n\n<p>J&rsquo;ai \u00e9tudi\u00e9 \u00e0 <a href=\"https:\/\/www.sorbonne-universite.fr\/\">Sorbonne universit\u00e9<\/a> <strong>\u00e0 Paris<\/strong>, les sciences de la Vie et de la Terre (pour en d\u00e9couvrir un maximum sur notre plan\u00e8te et son fonctionnement), entre 2008 et 2016 (euh oui \u00e7a commence \u00e0 dater).<\/p>\n\n\n\n<p>Pour ceux qui sont fort en calcul mental, vous aurez remarqu\u00e9 que \u00e7a fait <strong>8 belles ann\u00e9es<\/strong>, qui ont donn\u00e9 naissance \u00e0 <strong>une th\u00e8se de doctorat en \u00e9cologie<\/strong> dont je suis fi\u00e8re (avec le recul maintenant !). Cette th\u00e8se \u00e0 un titre qui convient \u00e0 la situation universitaire : <a href=\"https:\/\/theses.hal.science\/tel-01597067\">R\u00e9ponse \u00e0 la s\u00e9lection taille-d\u00e9pendante anthropique et ses cons\u00e9quences \u00e9cologiques. Approche exp\u00e9rimentale avec le m\u00e9daka (Oryzias latipes)<\/a>. <\/p>\n\n\n\n<p>L&rsquo;objectif \u00e9tait d&rsquo;\u00e9tudier les m\u00e9canismes qui d\u00e9coulent d&rsquo;une s\u00e9lection sur la taille de petits poissons de laboratoire dans un environnement tr\u00e8s contr\u00f4l\u00e9 \u00e0 la station d&rsquo;exp\u00e9rimentation du <a href=\"https:\/\/www.foljuif.ens.fr\/\" target=\"_blank\" rel=\"noreferrer noopener\">CEREEP-Ecotron IDF<\/a>. L&rsquo;id\u00e9e derri\u00e8re \u00e9tant de \u00ab\u00a0mimer la p\u00eache\u00a0\u00bb ou m\u00eame la chasse qui tuent pr\u00e9f\u00e9rentiellement les plus grands animaux (#onestpasdesgentils ?). <strong>Est-ce-que lorsque l&rsquo;on pr\u00e9l\u00e8ve toujours les plus grands poissons dans un groupe, pendant des g\u00e9n\u00e9rations, il y a des changements qui s&rsquo;op\u00e8rent ? Est-ce que la taille moyenne diminue ? Est-ce-que le comportement change ? Est-ce-que l&rsquo;expression des g\u00e8nes se modifient ?<\/strong> \u00a0\ud83e\udd29\u00a0\ud83e\udd29 Autant de questions super int\u00e9ressantes que j&rsquo;ai simplement effleur\u00e9es pendant ma th\u00e8se et qui n\u00e9cessiteront encore beaucoup travail pour les chercheurs.euses \u00a0\ud83d\ude01<\/p>\n\n\n\n<figure class=\"wp-block-gallery has-nested-images columns-default is-cropped wp-block-gallery-1 is-layout-flex wp-block-gallery-is-layout-flex\">\n<figure class=\"wp-block-image size-large\"><img loading=\"lazy\" decoding=\"async\" width=\"1024\" height=\"768\" data-id=\"185\" src=\"https:\/\/capmeraustrale.terreetocean.fr\/wordpress\/wp-content\/uploads\/2025\/12\/P1020175-1024x768.jpg\" alt=\"\" class=\"wp-image-185\" srcset=\"https:\/\/capmeraustrale.terreetocean.fr\/wordpress\/wp-content\/uploads\/2025\/12\/P1020175-1024x768.jpg 1024w, https:\/\/capmeraustrale.terreetocean.fr\/wordpress\/wp-content\/uploads\/2025\/12\/P1020175-300x225.jpg 300w, https:\/\/capmeraustrale.terreetocean.fr\/wordpress\/wp-content\/uploads\/2025\/12\/P1020175-768x576.jpg 768w, https:\/\/capmeraustrale.terreetocean.fr\/wordpress\/wp-content\/uploads\/2025\/12\/P1020175-1536x1152.jpg 1536w, https:\/\/capmeraustrale.terreetocean.fr\/wordpress\/wp-content\/uploads\/2025\/12\/P1020175-2048x1536.jpg 2048w, https:\/\/capmeraustrale.terreetocean.fr\/wordpress\/wp-content\/uploads\/2025\/12\/P1020175-1140x855.jpg 1140w\" sizes=\"(max-width: 1024px) 100vw, 1024px\" \/><figcaption class=\"wp-element-caption\">Rin\u00e7age d&rsquo;\u00e9chantillons de zooplancton collect\u00e9s en 1987 et pr\u00e9serv\u00e9s dans du formol (attention toxique!). 2010 Station de biologie marine de Villefranche sur mer.<\/figcaption><\/figure>\n\n\n\n<figure class=\"wp-block-image size-large\"><img loading=\"lazy\" decoding=\"async\" width=\"768\" height=\"1024\" data-id=\"184\" src=\"https:\/\/capmeraustrale.terreetocean.fr\/wordpress\/wp-content\/uploads\/2025\/12\/P1060592-768x1024.jpg\" alt=\"\" class=\"wp-image-184\" srcset=\"https:\/\/capmeraustrale.terreetocean.fr\/wordpress\/wp-content\/uploads\/2025\/12\/P1060592-768x1024.jpg 768w, https:\/\/capmeraustrale.terreetocean.fr\/wordpress\/wp-content\/uploads\/2025\/12\/P1060592-225x300.jpg 225w, https:\/\/capmeraustrale.terreetocean.fr\/wordpress\/wp-content\/uploads\/2025\/12\/P1060592-1152x1536.jpg 1152w, https:\/\/capmeraustrale.terreetocean.fr\/wordpress\/wp-content\/uploads\/2025\/12\/P1060592-1536x2048.jpg 1536w, https:\/\/capmeraustrale.terreetocean.fr\/wordpress\/wp-content\/uploads\/2025\/12\/P1060592-1140x1520.jpg 1140w, https:\/\/capmeraustrale.terreetocean.fr\/wordpress\/wp-content\/uploads\/2025\/12\/P1060592.jpg 1920w\" sizes=\"(max-width: 768px) 100vw, 768px\" \/><figcaption class=\"wp-element-caption\">Etag\u00e8re \u00e0 aquarium pour r\u00e9p\u00e9ter et comparer des test sur des familles de poissons. 2013. CEREEP-Ecotron IDF.<\/figcaption><\/figure>\n\n\n\n<figure class=\"wp-block-image size-large\"><img loading=\"lazy\" decoding=\"async\" width=\"768\" height=\"1024\" data-id=\"186\" src=\"https:\/\/capmeraustrale.terreetocean.fr\/wordpress\/wp-content\/uploads\/2025\/12\/2013-12-27-14.31.08-768x1024.jpg\" alt=\"\" class=\"wp-image-186\" srcset=\"https:\/\/capmeraustrale.terreetocean.fr\/wordpress\/wp-content\/uploads\/2025\/12\/2013-12-27-14.31.08-768x1024.jpg 768w, https:\/\/capmeraustrale.terreetocean.fr\/wordpress\/wp-content\/uploads\/2025\/12\/2013-12-27-14.31.08-225x300.jpg 225w, https:\/\/capmeraustrale.terreetocean.fr\/wordpress\/wp-content\/uploads\/2025\/12\/2013-12-27-14.31.08-1152x1536.jpg 1152w, https:\/\/capmeraustrale.terreetocean.fr\/wordpress\/wp-content\/uploads\/2025\/12\/2013-12-27-14.31.08-1536x2048.jpg 1536w, https:\/\/capmeraustrale.terreetocean.fr\/wordpress\/wp-content\/uploads\/2025\/12\/2013-12-27-14.31.08-1140x1520.jpg 1140w, https:\/\/capmeraustrale.terreetocean.fr\/wordpress\/wp-content\/uploads\/2025\/12\/2013-12-27-14.31.08-rotated.jpg 1920w\" sizes=\"(max-width: 768px) 100vw, 768px\" \/><figcaption class=\"wp-element-caption\">Comptage et pr\u00e9l\u00e8vement des oeufs de poissons \u00e0 la main. 2013. CEREEP-Ecotron IDF.<\/figcaption><\/figure>\n<\/figure>\n\n\n\n<div style=\"height:36px\" aria-hidden=\"true\" class=\"wp-block-spacer\"><\/div>\n\n\n\n<blockquote class=\"wp-block-quote has-text-align-center is-layout-flow wp-block-quote-is-layout-flow\">\n<p class=\"has-text-align-center\">Dans la vie, rien n&rsquo;est \u00e0 craindre, tout est \u00e0 comprendre.<\/p>\n<cite>Marie Curie<\/cite><\/blockquote>\n\n\n\n<div style=\"height:31px\" aria-hidden=\"true\" class=\"wp-block-spacer\"><\/div>\n\n\n\n<p>Tout \u00e7a pour vous dire que <strong>la fibre scientifique je l&rsquo;ai depuis longtemps<\/strong>, et que j&rsquo;ai exp\u00e9riment\u00e9 personnellement et avec d\u00e9termination le travail de chercheurs.euses. Apr\u00e8s ce projet de th\u00e8se, j&rsquo;ai d\u00e9cid\u00e9 de m&rsquo;orienter vers <strong>un domaine d&rsquo;activit\u00e9 en interface entre les sciences et le partage des connaissances : la m\u00e9diation scientifique !<\/strong> J&rsquo;ai trouv\u00e9 en 2019 \u00e0 Terre &amp; Oc\u00e9an, ma terre d&rsquo;accueil, pour <strong>un m\u00e9tier 100% sur mesure et des coll\u00e8gues en or<\/strong> ! \ud83e\udd73 Moi qui \u00e9tait une grande fan de l&rsquo;\u00e9mission t\u00e9l\u00e9vis\u00e9e <strong>\u00ab\u00a0C&rsquo;est pas sorcier\u00a0\u00bb avec Fred, Jamy &amp; Sabine<\/strong> \ud83c\udf08\ud83d\udc99\ud83d\ude0d je suis \u00e9tonn\u00e9e de ne pas avoir pens\u00e9 plus t\u00f4t \u00e0 faire de la m\u00e9diation scientifique ahah (peut-\u00eatre des restes de timidit\u00e9&#8230;). <\/p>\n\n\n\n<div style=\"height:64px\" aria-hidden=\"true\" class=\"wp-block-spacer\"><\/div>\n\n\n\n<h2 class=\"wp-block-heading\">Pourquoi j&#8217;embarque pour une mission ?<\/h2>\n\n\n\n<p><strong>Gr\u00e2ce au r\u00e9seau, pas trophique, mais amical<\/strong> (#sciencesjoke) ! Un ami chercheur \u00e0 <a href=\"https:\/\/www.sb-roscoff.fr\/fr\" data-type=\"link\" data-id=\"https:\/\/www.sb-roscoff.fr\/fr\" target=\"_blank\" rel=\"noreferrer noopener\">la station biologique marine de Roscoff<\/a> en Bretagne, qui fut aussi mon professeur de g\u00e9n\u00e9tique des populations, m&rsquo;a propos\u00e9 de soumettre mon C.V. \u00e0 son \u00e9quipe qui part en mission \u00e0 bord du Marion Dufresne pour le <strong>projet THEMISTO<\/strong>. \ud83e\udef6<\/p>\n\n\n\n<div class=\"wp-block-columns is-layout-flex wp-container-core-columns-is-layout-1 wp-block-columns-is-layout-flex\">\n<div class=\"wp-block-column is-layout-flow wp-block-column-is-layout-flow\" style=\"flex-basis:100%\">\n<div style=\"height:50px\" aria-hidden=\"true\" class=\"wp-block-spacer\"><\/div>\n\n\n\n<div class=\"wp-block-media-text is-stacked-on-mobile\" style=\"grid-template-columns:21% auto\"><figure class=\"wp-block-media-text__media\"><img loading=\"lazy\" decoding=\"async\" width=\"220\" height=\"220\" src=\"https:\/\/capmeraustrale.terreetocean.fr\/wordpress\/wp-content\/uploads\/2025\/12\/spy-spiderman.gif\" alt=\"\" class=\"wp-image-187 size-full\"\/><\/figure><div class=\"wp-block-media-text__content\">\n<p class=\"has-text-align-center\">Et me voil\u00e0, <strong>fraiche comme un gardon<\/strong>, pr\u00eate \u00e0 faire rejoindre l&rsquo;\u00e9quipe et jouer la <strong>petite souris espionne<\/strong> de laboratoire (euh en fait non), plut\u00f4t <strong>le rat de biblioth\u00e8que<\/strong> (non plus), bon pas d&rsquo;analogie bestiale pour cette fois-ci, je ne veux pas finir dans une boite de p\u00e9tri ! \ud83d\ude09 <\/p>\n\n\n\n<p class=\"has-text-align-center\">C&rsquo;est parti mon kiki, j&#8217;embarque pour <strong>p\u00eacher du krill<\/strong> et rencontrer l<strong>es manchots royaux de Kerguelen<\/strong> (#chancedemavie) !!!!<\/p>\n<\/div><\/div>\n<\/div>\n<\/div>\n","protected":false},"excerpt":{"rendered":"<p>Qui suis-je ? Je m&rsquo;appelle Cl\u00e9mentine Renneville, je suis m\u00e9diatrice scientifique \u00e0 Terre &amp; Oc\u00e9an et j&rsquo;ai la chance \ud83e\udd73 d&rsquo;accompagner des chercheurs pendant leur campagne oc\u00e9anographique \u00e0 bord du Marion Dufresne. Je suis aussi (et surtout) maman de deux enfants, Charlotte 7 ans et Timoth\u00e9e 4 ans qui resteront avec leur papa pendant mon voyage (#reconnaissanceeternelle) . Pour moi c&rsquo;est une grande premi\u00e8re et pour ne pas sauter seule dans le grand bain (de mer), je vous invite \u00e0 suivre, petits et grands, cette aventure avec moi : cap vers les mers australes ! \ud83e\udddc\u200d\u2640\ufe0f Exister c&rsquo;est oser se jeter dans le monde. Simone de Beauvoir Quel est mon parcours ? Tout a commenc\u00e9 quand j&rsquo;avais 3 ans et que ma maman m&rsquo;a emmen\u00e9 voir une fable \u00e9cologique sur les baleines et la pollution au cin\u00e9ma&#8230; \ud83e\udd79 (PS : qui l&rsquo;a vu ? RSVP en commentaire) Ok \u00e7a n&rsquo;est pas passionnant, je vais faire plus rapide. \u00a0\ud83d\ude05 J&rsquo;ai \u00e9tudi\u00e9 \u00e0 Sorbonne universit\u00e9 \u00e0 Paris, les sciences de la Vie et de la Terre (pour en d\u00e9couvrir un maximum sur notre plan\u00e8te et son fonctionnement), entre 2008 et 2016 (euh oui \u00e7a commence \u00e0 dater). Pour ceux qui sont fort en calcul mental, vous aurez remarqu\u00e9 que \u00e7a fait 8 belles ann\u00e9es, qui ont donn\u00e9 naissance \u00e0 une th\u00e8se de doctorat en \u00e9cologie dont je suis fi\u00e8re (avec le recul maintenant !). Cette th\u00e8se \u00e0 un titre qui convient \u00e0 la situation universitaire : R\u00e9ponse \u00e0 la s\u00e9lection taille-d\u00e9pendante anthropique et ses cons\u00e9quences \u00e9cologiques. Approche exp\u00e9rimentale avec le m\u00e9daka (Oryzias latipes). L&rsquo;objectif \u00e9tait d&rsquo;\u00e9tudier les m\u00e9canismes qui d\u00e9coulent d&rsquo;une s\u00e9lection sur la taille de petits poissons de laboratoire dans un environnement tr\u00e8s contr\u00f4l\u00e9 \u00e0 la station d&rsquo;exp\u00e9rimentation du CEREEP-Ecotron IDF. L&rsquo;id\u00e9e derri\u00e8re \u00e9tant de \u00ab\u00a0mimer la p\u00eache\u00a0\u00bb ou m\u00eame la chasse qui tuent pr\u00e9f\u00e9rentiellement les plus grands animaux (#onestpasdesgentils ?). Est-ce-que lorsque l&rsquo;on pr\u00e9l\u00e8ve toujours les plus grands poissons dans un groupe, pendant des g\u00e9n\u00e9rations, il y a des changements qui s&rsquo;op\u00e8rent ? Est-ce que la taille moyenne diminue ? Est-ce-que le comportement change ? Est-ce-que l&rsquo;expression des g\u00e8nes se modifient ? \u00a0\ud83e\udd29\u00a0\ud83e\udd29 Autant de questions super int\u00e9ressantes que j&rsquo;ai simplement effleur\u00e9es pendant ma th\u00e8se et qui n\u00e9cessiteront encore beaucoup travail pour les chercheurs.euses \u00a0\ud83d\ude01 Dans la vie, rien n&rsquo;est \u00e0 craindre, tout est \u00e0 comprendre. Marie Curie Tout \u00e7a pour vous dire que la fibre scientifique je l&rsquo;ai depuis longtemps, et que j&rsquo;ai exp\u00e9riment\u00e9 personnellement et avec d\u00e9termination le travail de chercheurs.euses. Apr\u00e8s ce projet de th\u00e8se, j&rsquo;ai d\u00e9cid\u00e9 de m&rsquo;orienter vers un domaine d&rsquo;activit\u00e9 en interface entre les sciences et le partage des connaissances : la m\u00e9diation scientifique ! J&rsquo;ai trouv\u00e9 en 2019 \u00e0 Terre &amp; Oc\u00e9an, ma terre d&rsquo;accueil, pour un m\u00e9tier 100% sur mesure et des coll\u00e8gues en or ! \ud83e\udd73 Moi qui \u00e9tait une grande fan de l&rsquo;\u00e9mission t\u00e9l\u00e9vis\u00e9e \u00ab\u00a0C&rsquo;est pas sorcier\u00a0\u00bb avec Fred, Jamy &amp; Sabine \ud83c\udf08\ud83d\udc99\ud83d\ude0d je suis \u00e9tonn\u00e9e de ne pas avoir pens\u00e9 plus t\u00f4t \u00e0 faire de la m\u00e9diation scientifique ahah (peut-\u00eatre des restes de timidit\u00e9&#8230;). Pourquoi j&#8217;embarque pour une mission ? Gr\u00e2ce au r\u00e9seau, pas trophique, mais amical (#sciencesjoke) ! Un ami chercheur \u00e0 la station biologique marine de Roscoff en Bretagne, qui fut aussi mon professeur de g\u00e9n\u00e9tique des populations, m&rsquo;a propos\u00e9 de soumettre mon C.V. \u00e0 son \u00e9quipe qui part en mission \u00e0 bord du Marion Dufresne pour le projet THEMISTO. \ud83e\udef6 Et me voil\u00e0, fraiche comme un gardon, pr\u00eate \u00e0 faire rejoindre l&rsquo;\u00e9quipe et jouer la petite souris espionne de laboratoire (euh en fait non), plut\u00f4t le rat de biblioth\u00e8que (non plus), bon pas d&rsquo;analogie bestiale pour cette fois-ci, je ne veux pas finir dans une boite de p\u00e9tri ! \ud83d\ude09 C&rsquo;est parti mon kiki, j&#8217;embarque pour p\u00eacher du krill et rencontrer les manchots royaux de Kerguelen (#chancedemavie) !!!!<\/p>\n","protected":false},"author":1,"featured_media":0,"parent":0,"menu_order":0,"comment_status":"closed","ping_status":"closed","template":"","meta":{"footnotes":""},"post_mailing_queue_ids":[],"_links":{"self":[{"href":"https:\/\/capmeraustrale.terreetocean.fr\/wordpress\/wp-json\/wp\/v2\/pages\/31"}],"collection":[{"href":"https:\/\/capmeraustrale.terreetocean.fr\/wordpress\/wp-json\/wp\/v2\/pages"}],"about":[{"href":"https:\/\/capmeraustrale.terreetocean.fr\/wordpress\/wp-json\/wp\/v2\/types\/page"}],"author":[{"embeddable":true,"href":"https:\/\/capmeraustrale.terreetocean.fr\/wordpress\/wp-json\/wp\/v2\/users\/1"}],"replies":[{"embeddable":true,"href":"https:\/\/capmeraustrale.terreetocean.fr\/wordpress\/wp-json\/wp\/v2\/comments?post=31"}],"version-history":[{"count":14,"href":"https:\/\/capmeraustrale.terreetocean.fr\/wordpress\/wp-json\/wp\/v2\/pages\/31\/revisions"}],"predecessor-version":[{"id":190,"href":"https:\/\/capmeraustrale.terreetocean.fr\/wordpress\/wp-json\/wp\/v2\/pages\/31\/revisions\/190"}],"wp:attachment":[{"href":"https:\/\/capmeraustrale.terreetocean.fr\/wordpress\/wp-json\/wp\/v2\/media?parent=31"}],"curies":[{"name":"wp","href":"https:\/\/api.w.org\/{rel}","templated":true}]}}