{"id":38,"date":"2025-12-01T10:34:03","date_gmt":"2025-12-01T09:34:03","guid":{"rendered":"https:\/\/capmeraustrale.terreetocean.fr\/wordpress\/?page_id=38"},"modified":"2026-01-06T09:29:44","modified_gmt":"2026-01-06T08:29:44","slug":"la-mission","status":"publish","type":"page","link":"https:\/\/capmeraustrale.terreetocean.fr\/wordpress\/la-mission\/","title":{"rendered":"La mission"},"content":{"rendered":"\n<div style=\"height:50px\" aria-hidden=\"true\" class=\"wp-block-spacer\"><\/div>\n\n\n\n<h2 class=\"wp-block-heading\">Qu&rsquo;est-ce qu&rsquo;une campagne oc\u00e9anographique ?<\/h2>\n\n\n\n<div style=\"height:50px\" aria-hidden=\"true\" class=\"wp-block-spacer\"><\/div>\n\n\n\n<p>Une <strong>campagne oc\u00e9anographique<\/strong> est une mission scientifique <strong>qui se d\u00e9roule en mer<\/strong>, <strong>\u00e0 bord d\u2019un navire qui permet de r\u00e9aliser des activit\u00e9s de recherche<\/strong>. C&rsquo;est une sorte de <strong>voyage<\/strong> qui permet aux <strong>chercheuses et chercheurs<\/strong> de r\u00e9cup\u00e9rer des informations importantes pour leur travail sur les oc\u00e9ans du monde entier. Ce voyage ce pr\u00e9pare bien \u00e0 l&rsquo;avance pour savoir ce qui sera fait \u00e0 bord et avec quels outils !<\/p>\n\n\n\n<p>Par exemple, on peut chercher <strong>\u00e0 d\u00e9couvrir de  nouvelles esp\u00e8ces<\/strong> (que ce soit des microbes, des algues ou des baleines), <strong>des esp\u00e8ces disparues<\/strong>, <strong>\u00e0 suivre les changements de temp\u00e9rature, de salinit\u00e9, de courants dans l&rsquo;eau et \u00e0 faire le lien avec le climat<\/strong> ! Et bien d\u2019autres choses encore, que les chercheurs explorent pour percer les secrets des oc\u00e9ans. Tout ce qui est mesur\u00e9, \u00e9tudi\u00e9 pendant la mission s&rsquo;appelle <strong>des donn\u00e9es collect\u00e9es<\/strong>.<\/p>\n\n\n\n<p>Un peu comme lorsque <strong>les enfants<\/strong> (les scientifiques) <strong>r\u00e9coltent<\/strong> (collectent) <strong>des bonbons<\/strong> (des donn\u00e9es) pour <strong>la f\u00eate<\/strong> d&rsquo;Halloween (la recherche).<\/p>\n\n\n\n<p>Ces campagnes sont essentielles et doivent \u00eatre r\u00e9p\u00e9t\u00e9es car <strong>une grande partie de l\u2019oc\u00e9an reste encore mal connue<\/strong>, alors qu\u2019il joue un r\u00f4le tr\u00e8s important pour la plan\u00e8te, le climat et donc pour les \u00eatres humains.<\/p>\n\n\n<div class=\"wp-block-image\">\n<figure class=\"aligncenter size-large is-resized\"><img loading=\"lazy\" decoding=\"async\" width=\"1024\" height=\"959\" src=\"https:\/\/capmeraustrale.terreetocean.fr\/wordpress\/wp-content\/uploads\/2026\/01\/ChercheursImage-1024x959.png\" alt=\"\" class=\"wp-image-201\" style=\"width:415px;height:auto\" srcset=\"https:\/\/capmeraustrale.terreetocean.fr\/wordpress\/wp-content\/uploads\/2026\/01\/ChercheursImage-1024x959.png 1024w, https:\/\/capmeraustrale.terreetocean.fr\/wordpress\/wp-content\/uploads\/2026\/01\/ChercheursImage-300x281.png 300w, https:\/\/capmeraustrale.terreetocean.fr\/wordpress\/wp-content\/uploads\/2026\/01\/ChercheursImage-768x719.png 768w, https:\/\/capmeraustrale.terreetocean.fr\/wordpress\/wp-content\/uploads\/2026\/01\/ChercheursImage-1140x1068.png 1140w, https:\/\/capmeraustrale.terreetocean.fr\/wordpress\/wp-content\/uploads\/2026\/01\/ChercheursImage.png 1280w\" sizes=\"(max-width: 1024px) 100vw, 1024px\" \/><figcaption class=\"wp-element-caption\">Chercheuses et chercheurs en observation<\/figcaption><\/figure><\/div>\n\n\n<div style=\"height:50px\" aria-hidden=\"true\" class=\"wp-block-spacer\"><\/div>\n\n\n\n<h2 class=\"wp-block-heading\">Quel est le but d&rsquo;une campagne oc\u00e9anographique ?<\/h2>\n\n\n\n<div style=\"height:50px\" aria-hidden=\"true\" class=\"wp-block-spacer\"><\/div>\n\n\n\n<p>Les donn\u00e9es scientifiques collect\u00e9es pendant une campagne oc\u00e9anographique peuvent servir \u00e0 :<\/p>\n\n\n\n<ul>\n<li>mieux comprendre le <strong>fonctionnement des \u00e9cosyst\u00e8mes marins<\/strong>,<\/li>\n\n\n\n<li>mieux comprendre les <strong>effets du changement climatique<\/strong><\/li>\n\n\n\n<li>mieux <strong>pr\u00e9dire les changements climatique<\/strong> \u00e0 venir,<\/li>\n\n\n\n<li>mieux comprendre <strong>l&rsquo;\u00e9volution de la vie sur la plan\u00e8te, son pass\u00e9, son pr\u00e9sent et son futur,<\/strong><\/li>\n\n\n\n<li>mieux <strong>prot\u00e9ger les oc\u00e9ans et la biodiversit\u00e9<\/strong> !<\/li>\n<\/ul>\n\n\n\n<p><strong>Un vaste programme,<\/strong> qui demande beaucoup de <strong>temps<\/strong> (des d\u00e9cennies), de <strong>mati\u00e8res grises<\/strong> (des cerveaux qui fonctionnent bien) et <strong>beaucoup d&rsquo;argent<\/strong> (mais moins que pour aller visiter Mars !).<\/p>\n\n\n\n<div style=\"height:50px\" aria-hidden=\"true\" class=\"wp-block-spacer\"><\/div>\n\n\n\n<h2 class=\"wp-block-heading\">Le projet Themisto, KESAKO ?<\/h2>\n\n\n\n<div style=\"height:49px\" aria-hidden=\"true\" class=\"wp-block-spacer\"><\/div>\n\n\n\n<p>Du 10 janvier au 27 f\u00e9vrier 2026, j&rsquo;accompagne l<strong>a troisi\u00e8me campagne du projet THEMISTO<\/strong>. Ce petit nom mignon est l&rsquo;acronyme de \u00ab\u00a0<strong><em>Toward Hydroacoustics and Ecology of Mid-trophic levels in Indian and SouThern Ocean<\/em><\/strong>\u00a0\u00bb qui est effectivement beaucoup moins mignon \u00e9crit en entier ! Cet acronyme est en fait un clin d&rsquo;oeil \u00e0 des animaux marins tr\u00e8s pr\u00e9sent dans les oc\u00e9ans (oui oui les scientifiques ont de l&rsquo;humour). <strong>Themisto, c&rsquo;est le nom de genre d&rsquo;un amphipode, animal crustac\u00e9<\/strong> (comme les crevettes ou les crabes) qui fait partie toute sa vie du plancton. C&rsquo;est \u00e0 dire qu&rsquo;il d\u00e9rive dans les courants marins (comme les m\u00e9duses d&rsquo;ailleurs). Pour info, on trouve des amphipodes dans tous les milieux aquatiques : dans la Pimpine, dans l&rsquo;eau Blanche, dans la Garonne, dans l&rsquo;estuaire de la Gironde (Dans les rivi\u00e8res, on les appellent les gammares).<\/p>\n\n\n\n<p>Le projet a pour but <strong>l&rsquo;\u00e9tude de la vie marine dans les oc\u00e9ans de l&rsquo;H\u00e9misph\u00e8re Sud<\/strong> (entre le Sud de l&rsquo;Oc\u00e9an Indien et le Nord de l&rsquo;Oc\u00e9an Austral pour \u00eatre plus pr\u00e9cis). Nous nous int\u00e9resserons surtout <strong>au zooplancton et au micronecton<\/strong>, qui sont les animaux planctoniques qui d\u00e9rivent dans les oc\u00e9ans (comme les cop\u00e9podes) et les animaux p\u00e9lagiques qui nagent mais qui sont de petites tailles (poissons ou krill mesurant jusqu&rsquo;\u00e0 20 cm maximum). Les chercheurs veulent savoir :<\/p>\n\n\n\n<ul>\n<li>Comment ces animaux sont reli\u00e9s les uns aux autres (qui mange qui ?)<\/li>\n\n\n\n<li>Comment ils vivent (\u00e0 quelle profondeur, \u00e0 quelle temp\u00e9rature, dans quel courant marin ?)<\/li>\n\n\n\n<li>Comment ils s&rsquo;adaptent au changement climatique (est-ce qu&rsquo;ils souffrent du r\u00e9chauffement de l&rsquo;eau ou au contraire est-ce qu&rsquo;ils en profitent ?) <\/li>\n<\/ul>\n\n\n\n<p>Pour trouver des r\u00e9ponses, il y aura <strong>des p\u00eaches<\/strong> pour collecter des animaux vivants, <strong>des appareils \u00e0 sons<\/strong> (sonars) pour localiser les animaux proches du bateau, des <strong>poses de balises<\/strong> sur des gros animaux (manchot, \u00e9l\u00e9phants de mer, baleine,&#8230;), <strong>des exp\u00e9riences \u00e0 bord<\/strong> pour tester l&rsquo;impact de changements de temp\u00e9ratures par exemple.<\/p>\n\n\n\n<figure class=\"wp-block-gallery has-nested-images columns-default is-cropped wp-block-gallery-1 is-layout-flex wp-block-gallery-is-layout-flex\">\n<figure class=\"wp-block-image size-full\"><img loading=\"lazy\" decoding=\"async\" width=\"660\" height=\"684\" data-id=\"209\" src=\"https:\/\/capmeraustrale.terreetocean.fr\/wordpress\/wp-content\/uploads\/2026\/01\/Amphipode_TerreOcean.png\" alt=\"\" class=\"wp-image-209\" srcset=\"https:\/\/capmeraustrale.terreetocean.fr\/wordpress\/wp-content\/uploads\/2026\/01\/Amphipode_TerreOcean.png 660w, https:\/\/capmeraustrale.terreetocean.fr\/wordpress\/wp-content\/uploads\/2026\/01\/Amphipode_TerreOcean-289x300.png 289w\" sizes=\"(max-width: 660px) 100vw, 660px\" \/><figcaption class=\"wp-element-caption\">Amphipode de rivi\u00e8re (c) Terre &amp; Oc\u00e9an<\/figcaption><\/figure>\n\n\n\n<figure class=\"wp-block-image size-full\"><img loading=\"lazy\" decoding=\"async\" width=\"250\" height=\"184\" data-id=\"207\" src=\"https:\/\/capmeraustrale.terreetocean.fr\/wordpress\/wp-content\/uploads\/2026\/01\/Themisto_gaudichaudii-1.jpg\" alt=\"\" class=\"wp-image-207\"\/><figcaption class=\"wp-element-caption\">Amphipode themisto (c) <a href=\"https:\/\/en.wikipedia.org\/wiki\/User:Mypteronura\">Mypteronura<\/a> wikipedia<\/figcaption><\/figure>\n\n\n\n<figure class=\"wp-block-image size-full\"><img loading=\"lazy\" decoding=\"async\" width=\"2560\" height=\"1920\" data-id=\"208\" src=\"https:\/\/capmeraustrale.terreetocean.fr\/wordpress\/wp-content\/uploads\/2026\/01\/TARAMICROBIOMES-science_zooplanctons_MC170037\u00b8Maeva-Bardy-Fondation-Tara-Ocean-scaled.jpg\" alt=\"\" class=\"wp-image-208\" srcset=\"https:\/\/capmeraustrale.terreetocean.fr\/wordpress\/wp-content\/uploads\/2026\/01\/TARAMICROBIOMES-science_zooplanctons_MC170037\u00b8Maeva-Bardy-Fondation-Tara-Ocean-scaled.jpg 2560w, https:\/\/capmeraustrale.terreetocean.fr\/wordpress\/wp-content\/uploads\/2026\/01\/TARAMICROBIOMES-science_zooplanctons_MC170037\u00b8Maeva-Bardy-Fondation-Tara-Ocean-300x225.jpg 300w, https:\/\/capmeraustrale.terreetocean.fr\/wordpress\/wp-content\/uploads\/2026\/01\/TARAMICROBIOMES-science_zooplanctons_MC170037\u00b8Maeva-Bardy-Fondation-Tara-Ocean-1024x768.jpg 1024w, https:\/\/capmeraustrale.terreetocean.fr\/wordpress\/wp-content\/uploads\/2026\/01\/TARAMICROBIOMES-science_zooplanctons_MC170037\u00b8Maeva-Bardy-Fondation-Tara-Ocean-768x576.jpg 768w, https:\/\/capmeraustrale.terreetocean.fr\/wordpress\/wp-content\/uploads\/2026\/01\/TARAMICROBIOMES-science_zooplanctons_MC170037\u00b8Maeva-Bardy-Fondation-Tara-Ocean-1536x1152.jpg 1536w, https:\/\/capmeraustrale.terreetocean.fr\/wordpress\/wp-content\/uploads\/2026\/01\/TARAMICROBIOMES-science_zooplanctons_MC170037\u00b8Maeva-Bardy-Fondation-Tara-Ocean-2048x1536.jpg 2048w, https:\/\/capmeraustrale.terreetocean.fr\/wordpress\/wp-content\/uploads\/2026\/01\/TARAMICROBIOMES-science_zooplanctons_MC170037\u00b8Maeva-Bardy-Fondation-Tara-Ocean-1140x855.jpg 1140w\" sizes=\"(max-width: 2560px) 100vw, 2560px\" \/><figcaption class=\"wp-element-caption\">zooplancton (c) fondation Tara Oc\u00e9an<\/figcaption><\/figure>\n<\/figure>\n\n\n\n<div style=\"height:50px\" aria-hidden=\"true\" class=\"wp-block-spacer\"><\/div>\n\n\n\n<h3 class=\"wp-block-heading\">A quel endroit se d\u00e9roule la mission Themisto 2026 ?<\/h3>\n\n\n\n<div style=\"height:50px\" aria-hidden=\"true\" class=\"wp-block-spacer\"><\/div>\n\n\n\n<p>Dans l&rsquo;h\u00e9misph\u00e8re sud, <strong>entre l&rsquo;\u00eele de la R\u00e9union (il fait chaud) et l&rsquo;archipel des Kerguelen (il fait froid)<\/strong>. Cette trajectoire permet d&rsquo;observer des animaux qui vivent dans des environnements marins tr\u00e8s diff\u00e9rents, d\u00e9j\u00e0 par la temp\u00e9rature de l&rsquo;eau ! Voil\u00e0 pourquoi le site internet s&rsquo;appelle \u00ab\u00a0Cap vers les mers australes\u00a0\u00bb qui entourent l&rsquo;Antarctique. <\/p>\n\n\n\n<p>Voici une carte sch\u00e9matique du trajet que je vais parcourir depuis chez moi \u00e0 <strong>VILLENAVE D&rsquo;ORNON (33)<\/strong> : Bordeaux &#8211; Paris &#8211; la R\u00e9union &#8211; Archipel Crozet &#8211; Archipel Kerguelen &#8211; Ile St Paul et Amsterdam ! Le plus dr\u00f4le c&rsquo;est que je pars \u00e0 l&rsquo;autre bout du globe terrestre tout en restant en France !<\/p>\n\n\n\n<div style=\"height:50px\" aria-hidden=\"true\" class=\"wp-block-spacer\"><\/div>\n\n\n\n<h4 class=\"wp-block-heading has-text-align-center\">Carte du monde pr\u00e9sentant le trajet depuis la France hexagonale vers la zone de campagne oc\u00e9anographique et le trajet de la mission themisto.<\/h4>\n\n\n\n<figure class=\"wp-block-image size-large\"><img loading=\"lazy\" decoding=\"async\" width=\"1024\" height=\"576\" src=\"https:\/\/capmeraustrale.terreetocean.fr\/wordpress\/wp-content\/uploads\/2026\/01\/Carte-du-voyage-1024x576.png\" alt=\"\" class=\"wp-image-211\" srcset=\"https:\/\/capmeraustrale.terreetocean.fr\/wordpress\/wp-content\/uploads\/2026\/01\/Carte-du-voyage-1024x576.png 1024w, https:\/\/capmeraustrale.terreetocean.fr\/wordpress\/wp-content\/uploads\/2026\/01\/Carte-du-voyage-300x169.png 300w, https:\/\/capmeraustrale.terreetocean.fr\/wordpress\/wp-content\/uploads\/2026\/01\/Carte-du-voyage-768x432.png 768w, https:\/\/capmeraustrale.terreetocean.fr\/wordpress\/wp-content\/uploads\/2026\/01\/Carte-du-voyage-1536x864.png 1536w, https:\/\/capmeraustrale.terreetocean.fr\/wordpress\/wp-content\/uploads\/2026\/01\/Carte-du-voyage-1140x641.png 1140w, https:\/\/capmeraustrale.terreetocean.fr\/wordpress\/wp-content\/uploads\/2026\/01\/Carte-du-voyage.png 1920w\" sizes=\"(max-width: 1024px) 100vw, 1024px\" \/><\/figure>\n\n\n\n<div style=\"height:50px\" aria-hidden=\"true\" class=\"wp-block-spacer\"><\/div>\n\n\n\n<p>Pour l&rsquo;instant je ne peux pas vous donner des points pr\u00e9cis \u00e0 l&rsquo;avance en fonction des jours, mais vous pourrez suivre la localisation du bateau sur ce lien IFREMER : <\/p>\n\n\n\n<div class=\"wp-block-buttons is-content-justification-center is-layout-flex wp-container-core-buttons-is-layout-1 wp-block-buttons-is-layout-flex\">\n<div class=\"wp-block-button\"><a class=\"wp-block-button__link has-text-align-center wp-element-button\" href=\"https:\/\/www.flotteoceanographique.fr\/La-Flotte-en-action\/Ou-sont-les-navires?\" target=\"_blank\" rel=\"noreferrer noopener\">\ud83d\uddfa\ufe0f  Localiser le navire de recherche Marion Dufresne \ud83d\uddfa\ufe0f <\/a><\/div>\n<\/div>\n\n\n\n<div style=\"height:50px\" aria-hidden=\"true\" class=\"wp-block-spacer\"><\/div>\n\n\n\n<h2 class=\"wp-block-heading\">Sur quel type de bateau les chercheurs embarquent ?<\/h2>\n\n\n\n<div style=\"height:50px\" aria-hidden=\"true\" class=\"wp-block-spacer\"><\/div>\n\n\n\n<p>C\u2019est <strong>une recherche de terrain, exigeante<\/strong>, qui ne peut se faire en mer, que sur <strong>des navires sp\u00e9cialis\u00e9s<\/strong> comme le <em>Marion Dufresne<\/em>. Il doit \u00eatre adapt\u00e9 <strong>aux conditions parfois extr\u00eames des oc\u00e9ans <\/strong>sur lesquels il va naviguer, tout en \u00e9tant <strong>\u00e9quip\u00e9 d\u2019instruments pour collecter des donn\u00e9es<\/strong> sur la vie marine, l&rsquo;eau, l&rsquo;environnement. <\/p>\n\n\n\n<p><strong>Le bateau scientifique<\/strong>, doit \u00eatre \u00e9quip\u00e9 de <strong>mat\u00e9riels et de \u00ab\u00a0machines\u00a0\u00bb<\/strong> pour faire de la science, comme des filets de p\u00eache, des capteurs de salinit\u00e9, de temp\u00e9rature, de sons, et d&rsquo;outils pour pr\u00e9lever du \u00ab\u00a0sol marin\u00a0\u00bb. Il a aussi \u00e0 bord <strong>des laboratoires<\/strong>, c&rsquo;est-\u00e0-dire des pi\u00e8ces sp\u00e9cialement r\u00e9serv\u00e9es aux exp\u00e9riences et \u00e0 l&rsquo;identification des microbes, des animaux ou des algues collect\u00e9s (des bacs, des r\u00e9frig\u00e9rateurs, des loupes, des pinces, des aquariums,&#8230;). <\/p>\n\n\n\n<p>En g\u00e9n\u00e9ral, les campagnes oc\u00e9anographiques se pr\u00e9parent plusieurs mois \u00e0 l&rsquo;avance <strong>et se d\u00e9roulent pendant plusieurs semaines, parfois plusieurs mois<\/strong> !<\/p>\n\n\n\n<p>Comme les chercheurs et les marins qui sont \u00e0 bord vont y passer plusieurs jours et plusieurs nuits, il y a aussi <strong>des chambres avec salle de bains, une cuisine, une salle \u00e0 manger, parfois une salle de sport<\/strong>, une salle de cin\u00e9ma,&#8230;.<\/p>\n\n\n\n<p>Ici c&rsquo;est le navire amiral de la flotte hauturi\u00e8re <em>Marion Dufresne<\/em> qui sera notre navire de recherche ! <\/p>\n\n\n\n<p>En attendant les photos, ou en compl\u00e9ment, vous pouvez <strong>visiter virtuellement le bateau <em>Marion Dufresne<\/em><\/strong> <a href=\"https:\/\/taaf.fr\/ressources-pedagogiques\/la-visite-virtuelle-360-du-marion-dufresne\/\" target=\"_blank\" rel=\"noreferrer noopener\">ICI<\/a> !<\/p>\n\n\n\n<figure class=\"wp-block-gallery aligncenter has-nested-images columns-default is-cropped wp-block-gallery-2 is-layout-flex wp-block-gallery-is-layout-flex\">\n<figure class=\"wp-block-image size-large\"><img loading=\"lazy\" decoding=\"async\" width=\"1024\" height=\"1024\" data-id=\"47\" src=\"https:\/\/capmeraustrale.terreetocean.fr\/wordpress\/wp-content\/uploads\/2025\/12\/MarionDufresneGaronne2003-1024x1024.png\" alt=\"\" class=\"wp-image-47\" srcset=\"https:\/\/capmeraustrale.terreetocean.fr\/wordpress\/wp-content\/uploads\/2025\/12\/MarionDufresneGaronne2003-1024x1024.png 1024w, https:\/\/capmeraustrale.terreetocean.fr\/wordpress\/wp-content\/uploads\/2025\/12\/MarionDufresneGaronne2003-300x300.png 300w, https:\/\/capmeraustrale.terreetocean.fr\/wordpress\/wp-content\/uploads\/2025\/12\/MarionDufresneGaronne2003-150x150.png 150w, https:\/\/capmeraustrale.terreetocean.fr\/wordpress\/wp-content\/uploads\/2025\/12\/MarionDufresneGaronne2003-768x768.png 768w, https:\/\/capmeraustrale.terreetocean.fr\/wordpress\/wp-content\/uploads\/2025\/12\/MarionDufresneGaronne2003-1536x1536.png 1536w, https:\/\/capmeraustrale.terreetocean.fr\/wordpress\/wp-content\/uploads\/2025\/12\/MarionDufresneGaronne2003-1140x1140.png 1140w, https:\/\/capmeraustrale.terreetocean.fr\/wordpress\/wp-content\/uploads\/2025\/12\/MarionDufresneGaronne2003-75x75.png 75w, https:\/\/capmeraustrale.terreetocean.fr\/wordpress\/wp-content\/uploads\/2025\/12\/MarionDufresneGaronne2003.png 1654w\" sizes=\"(max-width: 1024px) 100vw, 1024px\" \/><figcaption class=\"wp-element-caption\">Marion Dufresne sur la Garonne (c) Philippe Pedemay<\/figcaption><\/figure>\n\n\n\n<figure class=\"wp-block-image size-large\"><img loading=\"lazy\" decoding=\"async\" width=\"800\" height=\"600\" data-id=\"26\" src=\"https:\/\/capmeraustrale.terreetocean.fr\/wordpress\/wp-content\/uploads\/2025\/11\/3543510551_a99441d067_c.jpg\" alt=\"\" class=\"wp-image-26\" srcset=\"https:\/\/capmeraustrale.terreetocean.fr\/wordpress\/wp-content\/uploads\/2025\/11\/3543510551_a99441d067_c.jpg 800w, https:\/\/capmeraustrale.terreetocean.fr\/wordpress\/wp-content\/uploads\/2025\/11\/3543510551_a99441d067_c-300x225.jpg 300w, https:\/\/capmeraustrale.terreetocean.fr\/wordpress\/wp-content\/uploads\/2025\/11\/3543510551_a99441d067_c-768x576.jpg 768w\" sizes=\"(max-width: 800px) 100vw, 800px\" \/><figcaption class=\"wp-element-caption\">Marion Dufresne \u00e0 Kerguelen (c) Antoine Corbi\u00e8re FlickR<\/figcaption><\/figure>\n<\/figure>\n","protected":false},"excerpt":{"rendered":"<p>Qu&rsquo;est-ce qu&rsquo;une campagne oc\u00e9anographique ? Une campagne oc\u00e9anographique est une mission scientifique qui se d\u00e9roule en mer, \u00e0 bord d\u2019un navire qui permet de r\u00e9aliser des activit\u00e9s de recherche. C&rsquo;est une sorte de voyage qui permet aux chercheuses et chercheurs de r\u00e9cup\u00e9rer des informations importantes pour leur travail sur les oc\u00e9ans du monde entier. Ce voyage ce pr\u00e9pare bien \u00e0 l&rsquo;avance pour savoir ce qui sera fait \u00e0 bord et avec quels outils ! Par exemple, on peut chercher \u00e0 d\u00e9couvrir de nouvelles esp\u00e8ces (que ce soit des microbes, des algues ou des baleines), des esp\u00e8ces disparues, \u00e0 suivre les changements de temp\u00e9rature, de salinit\u00e9, de courants dans l&rsquo;eau et \u00e0 faire le lien avec le climat ! Et bien d\u2019autres choses encore, que les chercheurs explorent pour percer les secrets des oc\u00e9ans. Tout ce qui est mesur\u00e9, \u00e9tudi\u00e9 pendant la mission s&rsquo;appelle des donn\u00e9es collect\u00e9es. Un peu comme lorsque les enfants (les scientifiques) r\u00e9coltent (collectent) des bonbons (des donn\u00e9es) pour la f\u00eate d&rsquo;Halloween (la recherche). Ces campagnes sont essentielles et doivent \u00eatre r\u00e9p\u00e9t\u00e9es car une grande partie de l\u2019oc\u00e9an reste encore mal connue, alors qu\u2019il joue un r\u00f4le tr\u00e8s important pour la plan\u00e8te, le climat et donc pour les \u00eatres humains. Quel est le but d&rsquo;une campagne oc\u00e9anographique ? Les donn\u00e9es scientifiques collect\u00e9es pendant une campagne oc\u00e9anographique peuvent servir \u00e0 : Un vaste programme, qui demande beaucoup de temps (des d\u00e9cennies), de mati\u00e8res grises (des cerveaux qui fonctionnent bien) et beaucoup d&rsquo;argent (mais moins que pour aller visiter Mars !). Le projet Themisto, KESAKO ? Du 10 janvier au 27 f\u00e9vrier 2026, j&rsquo;accompagne la troisi\u00e8me campagne du projet THEMISTO. Ce petit nom mignon est l&rsquo;acronyme de \u00ab\u00a0Toward Hydroacoustics and Ecology of Mid-trophic levels in Indian and SouThern Ocean\u00a0\u00bb qui est effectivement beaucoup moins mignon \u00e9crit en entier ! Cet acronyme est en fait un clin d&rsquo;oeil \u00e0 des animaux marins tr\u00e8s pr\u00e9sent dans les oc\u00e9ans (oui oui les scientifiques ont de l&rsquo;humour). Themisto, c&rsquo;est le nom de genre d&rsquo;un amphipode, animal crustac\u00e9 (comme les crevettes ou les crabes) qui fait partie toute sa vie du plancton. C&rsquo;est \u00e0 dire qu&rsquo;il d\u00e9rive dans les courants marins (comme les m\u00e9duses d&rsquo;ailleurs). Pour info, on trouve des amphipodes dans tous les milieux aquatiques : dans la Pimpine, dans l&rsquo;eau Blanche, dans la Garonne, dans l&rsquo;estuaire de la Gironde (Dans les rivi\u00e8res, on les appellent les gammares). Le projet a pour but l&rsquo;\u00e9tude de la vie marine dans les oc\u00e9ans de l&rsquo;H\u00e9misph\u00e8re Sud (entre le Sud de l&rsquo;Oc\u00e9an Indien et le Nord de l&rsquo;Oc\u00e9an Austral pour \u00eatre plus pr\u00e9cis). Nous nous int\u00e9resserons surtout au zooplancton et au micronecton, qui sont les animaux planctoniques qui d\u00e9rivent dans les oc\u00e9ans (comme les cop\u00e9podes) et les animaux p\u00e9lagiques qui nagent mais qui sont de petites tailles (poissons ou krill mesurant jusqu&rsquo;\u00e0 20 cm maximum). Les chercheurs veulent savoir : Pour trouver des r\u00e9ponses, il y aura des p\u00eaches pour collecter des animaux vivants, des appareils \u00e0 sons (sonars) pour localiser les animaux proches du bateau, des poses de balises sur des gros animaux (manchot, \u00e9l\u00e9phants de mer, baleine,&#8230;), des exp\u00e9riences \u00e0 bord pour tester l&rsquo;impact de changements de temp\u00e9ratures par exemple. A quel endroit se d\u00e9roule la mission Themisto 2026 ? Dans l&rsquo;h\u00e9misph\u00e8re sud, entre l&rsquo;\u00eele de la R\u00e9union (il fait chaud) et l&rsquo;archipel des Kerguelen (il fait froid). Cette trajectoire permet d&rsquo;observer des animaux qui vivent dans des environnements marins tr\u00e8s diff\u00e9rents, d\u00e9j\u00e0 par la temp\u00e9rature de l&rsquo;eau ! Voil\u00e0 pourquoi le site internet s&rsquo;appelle \u00ab\u00a0Cap vers les mers australes\u00a0\u00bb qui entourent l&rsquo;Antarctique. Voici une carte sch\u00e9matique du trajet que je vais parcourir depuis chez moi \u00e0 VILLENAVE D&rsquo;ORNON (33) : Bordeaux &#8211; Paris &#8211; la R\u00e9union &#8211; Archipel Crozet &#8211; Archipel Kerguelen &#8211; Ile St Paul et Amsterdam ! Le plus dr\u00f4le c&rsquo;est que je pars \u00e0 l&rsquo;autre bout du globe terrestre tout en restant en France ! Carte du monde pr\u00e9sentant le trajet depuis la France hexagonale vers la zone de campagne oc\u00e9anographique et le trajet de la mission themisto. Pour l&rsquo;instant je ne peux pas vous donner des points pr\u00e9cis \u00e0 l&rsquo;avance en fonction des jours, mais vous pourrez suivre la localisation du bateau sur ce lien IFREMER : Sur quel type de bateau les chercheurs embarquent ? C\u2019est une recherche de terrain, exigeante, qui ne peut se faire en mer, que sur des navires sp\u00e9cialis\u00e9s comme le Marion Dufresne. Il doit \u00eatre adapt\u00e9 aux conditions parfois extr\u00eames des oc\u00e9ans sur lesquels il va naviguer, tout en \u00e9tant \u00e9quip\u00e9 d\u2019instruments pour collecter des donn\u00e9es sur la vie marine, l&rsquo;eau, l&rsquo;environnement. Le bateau scientifique, doit \u00eatre \u00e9quip\u00e9 de mat\u00e9riels et de \u00ab\u00a0machines\u00a0\u00bb pour faire de la science, comme des filets de p\u00eache, des capteurs de salinit\u00e9, de temp\u00e9rature, de sons, et d&rsquo;outils pour pr\u00e9lever du \u00ab\u00a0sol marin\u00a0\u00bb. Il a aussi \u00e0 bord des laboratoires, c&rsquo;est-\u00e0-dire des pi\u00e8ces sp\u00e9cialement r\u00e9serv\u00e9es aux exp\u00e9riences et \u00e0 l&rsquo;identification des microbes, des animaux ou des algues collect\u00e9s (des bacs, des r\u00e9frig\u00e9rateurs, des loupes, des pinces, des aquariums,&#8230;). En g\u00e9n\u00e9ral, les campagnes oc\u00e9anographiques se pr\u00e9parent plusieurs mois \u00e0 l&rsquo;avance et se d\u00e9roulent pendant plusieurs semaines, parfois plusieurs mois ! Comme les chercheurs et les marins qui sont \u00e0 bord vont y passer plusieurs jours et plusieurs nuits, il y a aussi des chambres avec salle de bains, une cuisine, une salle \u00e0 manger, parfois une salle de sport, une salle de cin\u00e9ma,&#8230;. Ici c&rsquo;est le navire amiral de la flotte hauturi\u00e8re Marion Dufresne qui sera notre navire de recherche ! En attendant les photos, ou en compl\u00e9ment, vous pouvez visiter virtuellement le bateau Marion Dufresne ICI !<\/p>\n","protected":false},"author":1,"featured_media":0,"parent":0,"menu_order":0,"comment_status":"closed","ping_status":"closed","template":"","meta":{"footnotes":""},"post_mailing_queue_ids":[],"_links":{"self":[{"href":"https:\/\/capmeraustrale.terreetocean.fr\/wordpress\/wp-json\/wp\/v2\/pages\/38"}],"collection":[{"href":"https:\/\/capmeraustrale.terreetocean.fr\/wordpress\/wp-json\/wp\/v2\/pages"}],"about":[{"href":"https:\/\/capmeraustrale.terreetocean.fr\/wordpress\/wp-json\/wp\/v2\/types\/page"}],"author":[{"embeddable":true,"href":"https:\/\/capmeraustrale.terreetocean.fr\/wordpress\/wp-json\/wp\/v2\/users\/1"}],"replies":[{"embeddable":true,"href":"https:\/\/capmeraustrale.terreetocean.fr\/wordpress\/wp-json\/wp\/v2\/comments?post=38"}],"version-history":[{"count":14,"href":"https:\/\/capmeraustrale.terreetocean.fr\/wordpress\/wp-json\/wp\/v2\/pages\/38\/revisions"}],"predecessor-version":[{"id":214,"href":"https:\/\/capmeraustrale.terreetocean.fr\/wordpress\/wp-json\/wp\/v2\/pages\/38\/revisions\/214"}],"wp:attachment":[{"href":"https:\/\/capmeraustrale.terreetocean.fr\/wordpress\/wp-json\/wp\/v2\/media?parent=38"}],"curies":[{"name":"wp","href":"https:\/\/api.w.org\/{rel}","templated":true}]}}